{"id":26,"date":"2013-12-13T21:59:48","date_gmt":"2013-12-13T20:59:48","guid":{"rendered":"https:\/\/toutou215.touriciel.fr\/touritest\/saint-projet.com\/?page_id=26"},"modified":"2025-12-08T18:14:03","modified_gmt":"2025-12-08T17:14:03","slug":"gite-et-chambre-dhote","status":"publish","type":"page","link":"https:\/\/www.saint-projet.com\/?page_id=26","title":{"rendered":"Chambre d&rsquo;h\u00f4tes"},"content":{"rendered":"<p>Le Ch\u00e2teau de la Reine Margot vous accueille dans une chambre d&rsquo;h\u00f4tes dans le donjon de la reine, l&rsquo;expression est belle tout autant que l&rsquo;int\u00e9rieur insolite et unique !<\/p>\n<p>L&rsquo;espace est judicieusement utilis\u00e9 et le cadre somptueux nous rappelle la qualit\u00e9 de notre patrimoine fran\u00e7ais.<\/p>\n<p>Au rez de chauss\u00e9e : s\u00e9jour avec coin cuisine (\u00e9l\u00e9ments int\u00e9gr\u00e9s, micro-ondes), sdb\/wc au premier \u00e9tage : un salon, au deuxi\u00e8me \u00e9tage une chambre (avec vue panoramique avec un lit de 140.<\/p>\n<p><span style=\"text-decoration: underline;\">CONCERNANT\u00a0 \/ LE PLATEAU REPAS ET LE PETIT DEJEUNER<\/span><\/p>\n<p>Servi dans vos appartements ou dans un salon du ch\u00e2teau, 3 menus (<a href=\"https:\/\/www.saint-projet.com\/?page_id=219\">ici d\u00e9tail<\/a>) :<br \/>\n1\/ Menu 18 \u20ac<br \/>\n2\/ Menu 28 \u20ac<br \/>\n3\/ Menu 38 \u20ac<br \/>\n-&gt; 10 \u20ac pour les petits d\u00e9jeuner par personne<\/p>\n<p><strong>Tarifs :<\/strong><\/p>\n<p>-&gt; 95 \u20ac LA NUIT\u00c9E<br \/>\n-&gt; 10 \u20ac LE PETIT D\u00c9JEUNER PAR PERSONNE<br \/>\nNos 3 menus (<a href=\"https:\/\/www.saint-projet.com\/?page_id=219\">ici d\u00e9tail<\/a>) :<br \/>\n1\/ Menu 18 \u20ac<br \/>\n2\/ Menu 28 \u20ac<br \/>\n3\/ Menu 38 \u20ac<br \/>\n-&gt; 10 \u20ac pour les petits d\u00e9jeuner par personne<\/p>\n\n\t\t<style type=\"text\/css\">\n\t\t\t#gallery-1 {\n\t\t\t\tmargin: auto;\n\t\t\t}\n\t\t\t#gallery-1 .gallery-item {\n\t\t\t\tfloat: left;\n\t\t\t\tmargin-top: 10px;\n\t\t\t\ttext-align: center;\n\t\t\t\twidth: 50%;\n\t\t\t}\n\t\t\t#gallery-1 img {\n\t\t\t\tborder: 2px solid #cfcfcf;\n\t\t\t}\n\t\t\t#gallery-1 .gallery-caption {\n\t\t\t\tmargin-left: 0;\n\t\t\t}\n\t\t\t\/* see gallery_shortcode() in wp-includes\/media.php *\/\n\t\t<\/style>\n\t\t<div id='gallery-1' class='gallery galleryid-26 gallery-columns-2 gallery-size-large'><dl class='gallery-item'>\n\t\t\t<dt class='gallery-icon portrait'>\n\t\t\t\t<a href='https:\/\/www.saint-projet.com\/?attachment_id=614'><img loading=\"lazy\" decoding=\"async\" width=\"525\" height=\"700\" src=\"https:\/\/www.saint-projet.com\/wp-content\/uploads\/saint-projet_ch001-2022-525x700.jpg\" class=\"attachment-large size-large\" alt=\"Ch\u00e2teau de Saint Projet\" srcset=\"https:\/\/www.saint-projet.com\/wp-content\/uploads\/saint-projet_ch001-2022-525x700.jpg 525w, https:\/\/www.saint-projet.com\/wp-content\/uploads\/saint-projet_ch001-2022-225x300.jpg 225w, https:\/\/www.saint-projet.com\/wp-content\/uploads\/saint-projet_ch001-2022.jpg 768w\" sizes=\"auto, (max-width: 525px) 100vw, 525px\" \/><\/a>\n\t\t\t<\/dt><\/dl><dl class='gallery-item'>\n\t\t\t<dt class='gallery-icon landscape'>\n\t\t\t\t<a href='https:\/\/www.saint-projet.com\/?attachment_id=362'><img loading=\"lazy\" decoding=\"async\" width=\"700\" height=\"465\" src=\"https:\/\/www.saint-projet.com\/wp-content\/uploads\/82st-projet_gite008-700x465.jpg\" class=\"attachment-large size-large\" alt=\"Petit d\u00e9jeuner\" aria-describedby=\"gallery-1-362\" srcset=\"https:\/\/www.saint-projet.com\/wp-content\/uploads\/82st-projet_gite008-700x465.jpg 700w, https:\/\/www.saint-projet.com\/wp-content\/uploads\/82st-projet_gite008-300x199.jpg 300w, https:\/\/www.saint-projet.com\/wp-content\/uploads\/82st-projet_gite008-768x510.jpg 768w, https:\/\/www.saint-projet.com\/wp-content\/uploads\/82st-projet_gite008.jpg 1024w\" sizes=\"auto, (max-width: 700px) 100vw, 700px\" \/><\/a>\n\t\t\t<\/dt>\n\t\t\t\t<dd class='wp-caption-text gallery-caption' id='gallery-1-362'>\n\t\t\t\tPetit d\u00e9jeuner\n\t\t\t\t<\/dd><\/dl><br style=\"clear: both\" \/><dl class='gallery-item'>\n\t\t\t<dt class='gallery-icon portrait'>\n\t\t\t\t<a href='https:\/\/www.saint-projet.com\/?attachment_id=364'><img loading=\"lazy\" decoding=\"async\" width=\"670\" height=\"700\" src=\"https:\/\/www.saint-projet.com\/wp-content\/uploads\/82st-projet_gite010-670x700.jpg\" class=\"attachment-large size-large\" alt=\"Repas\" aria-describedby=\"gallery-1-364\" srcset=\"https:\/\/www.saint-projet.com\/wp-content\/uploads\/82st-projet_gite010-670x700.jpg 670w, https:\/\/www.saint-projet.com\/wp-content\/uploads\/82st-projet_gite010-287x300.jpg 287w, https:\/\/www.saint-projet.com\/wp-content\/uploads\/82st-projet_gite010.jpg 768w\" sizes=\"auto, (max-width: 670px) 100vw, 670px\" \/><\/a>\n\t\t\t<\/dt>\n\t\t\t\t<dd class='wp-caption-text gallery-caption' id='gallery-1-364'>\n\t\t\t\tRepas\n\t\t\t\t<\/dd><\/dl><dl class='gallery-item'>\n\t\t\t<dt class='gallery-icon landscape'>\n\t\t\t\t<a href='https:\/\/www.saint-projet.com\/?attachment_id=363'><img loading=\"lazy\" decoding=\"async\" width=\"700\" height=\"466\" src=\"https:\/\/www.saint-projet.com\/wp-content\/uploads\/82st-projet_gite009-700x466.jpg\" class=\"attachment-large size-large\" alt=\"Le parc\" aria-describedby=\"gallery-1-363\" srcset=\"https:\/\/www.saint-projet.com\/wp-content\/uploads\/82st-projet_gite009-700x466.jpg 700w, https:\/\/www.saint-projet.com\/wp-content\/uploads\/82st-projet_gite009-300x200.jpg 300w, https:\/\/www.saint-projet.com\/wp-content\/uploads\/82st-projet_gite009-768x511.jpg 768w, https:\/\/www.saint-projet.com\/wp-content\/uploads\/82st-projet_gite009.jpg 1024w\" sizes=\"auto, (max-width: 700px) 100vw, 700px\" \/><\/a>\n\t\t\t<\/dt>\n\t\t\t\t<dd class='wp-caption-text gallery-caption' id='gallery-1-363'>\n\t\t\t\tLe parc\n\t\t\t\t<\/dd><\/dl><br style=\"clear: both\" \/><dl class='gallery-item'>\n\t\t\t<dt class='gallery-icon landscape'>\n\t\t\t\t<a href='https:\/\/www.saint-projet.com\/?attachment_id=356'><img loading=\"lazy\" decoding=\"async\" width=\"700\" height=\"466\" src=\"https:\/\/www.saint-projet.com\/wp-content\/uploads\/82st-projet_gite002-700x466.jpg\" class=\"attachment-large size-large\" alt=\"G\u00eete et chambre d&#039;h\u00f4te\" aria-describedby=\"gallery-1-356\" srcset=\"https:\/\/www.saint-projet.com\/wp-content\/uploads\/82st-projet_gite002-700x466.jpg 700w, https:\/\/www.saint-projet.com\/wp-content\/uploads\/82st-projet_gite002-300x200.jpg 300w, https:\/\/www.saint-projet.com\/wp-content\/uploads\/82st-projet_gite002-768x511.jpg 768w, https:\/\/www.saint-projet.com\/wp-content\/uploads\/82st-projet_gite002.jpg 1024w\" sizes=\"auto, (max-width: 700px) 100vw, 700px\" \/><\/a>\n\t\t\t<\/dt>\n\t\t\t\t<dd class='wp-caption-text gallery-caption' id='gallery-1-356'>\n\t\t\t\tG\u00eete et chambre d&rsquo;h\u00f4te\n\t\t\t\t<\/dd><\/dl><dl class='gallery-item'>\n\t\t\t<dt class='gallery-icon landscape'>\n\t\t\t\t<a href='https:\/\/www.saint-projet.com\/?attachment_id=615'><img loading=\"lazy\" decoding=\"async\" width=\"700\" height=\"525\" src=\"https:\/\/www.saint-projet.com\/wp-content\/uploads\/saint-projet_ch002-2022-700x525.jpg\" class=\"attachment-large size-large\" alt=\"Ch\u00e2teau de Saint Projet\" aria-describedby=\"gallery-1-615\" srcset=\"https:\/\/www.saint-projet.com\/wp-content\/uploads\/saint-projet_ch002-2022-700x525.jpg 700w, https:\/\/www.saint-projet.com\/wp-content\/uploads\/saint-projet_ch002-2022-300x225.jpg 300w, https:\/\/www.saint-projet.com\/wp-content\/uploads\/saint-projet_ch002-2022-768x576.jpg 768w, https:\/\/www.saint-projet.com\/wp-content\/uploads\/saint-projet_ch002-2022.jpg 1024w\" sizes=\"auto, (max-width: 700px) 100vw, 700px\" \/><\/a>\n\t\t\t<\/dt>\n\t\t\t\t<dd class='wp-caption-text gallery-caption' id='gallery-1-615'>\n\t\t\t\tChambre d&rsquo;h\u00f4te\n\t\t\t\t<\/dd><\/dl><br style=\"clear: both\" \/><dl class='gallery-item'>\n\t\t\t<dt class='gallery-icon landscape'>\n\t\t\t\t<a href='https:\/\/www.saint-projet.com\/?attachment_id=359'><img loading=\"lazy\" decoding=\"async\" width=\"700\" height=\"466\" src=\"https:\/\/www.saint-projet.com\/wp-content\/uploads\/82st-projet_gite005-700x466.jpg\" class=\"attachment-large size-large\" alt=\"\" srcset=\"https:\/\/www.saint-projet.com\/wp-content\/uploads\/82st-projet_gite005-700x466.jpg 700w, https:\/\/www.saint-projet.com\/wp-content\/uploads\/82st-projet_gite005-300x200.jpg 300w, https:\/\/www.saint-projet.com\/wp-content\/uploads\/82st-projet_gite005-768x511.jpg 768w, https:\/\/www.saint-projet.com\/wp-content\/uploads\/82st-projet_gite005.jpg 1024w\" sizes=\"auto, (max-width: 700px) 100vw, 700px\" \/><\/a>\n\t\t\t<\/dt><\/dl><dl class='gallery-item'>\n\t\t\t<dt class='gallery-icon landscape'>\n\t\t\t\t<a href='https:\/\/www.saint-projet.com\/?attachment_id=361'><img loading=\"lazy\" decoding=\"async\" width=\"700\" height=\"466\" src=\"https:\/\/www.saint-projet.com\/wp-content\/uploads\/82st-projet_gite007-700x466.jpg\" class=\"attachment-large size-large\" alt=\"Repas au ch\u00e2teau\" aria-describedby=\"gallery-1-361\" srcset=\"https:\/\/www.saint-projet.com\/wp-content\/uploads\/82st-projet_gite007-700x466.jpg 700w, https:\/\/www.saint-projet.com\/wp-content\/uploads\/82st-projet_gite007-300x200.jpg 300w, https:\/\/www.saint-projet.com\/wp-content\/uploads\/82st-projet_gite007-768x511.jpg 768w, https:\/\/www.saint-projet.com\/wp-content\/uploads\/82st-projet_gite007.jpg 1024w\" sizes=\"auto, (max-width: 700px) 100vw, 700px\" \/><\/a>\n\t\t\t<\/dt>\n\t\t\t\t<dd class='wp-caption-text gallery-caption' id='gallery-1-361'>\n\t\t\t\tRepas au ch\u00e2teau\n\t\t\t\t<\/dd><\/dl><br style=\"clear: both\" \/><dl class='gallery-item'>\n\t\t\t<dt class='gallery-icon landscape'>\n\t\t\t\t<a href='https:\/\/www.saint-projet.com\/?attachment_id=360'><img loading=\"lazy\" decoding=\"async\" width=\"700\" height=\"466\" src=\"https:\/\/www.saint-projet.com\/wp-content\/uploads\/82st-projet_gite006-700x466.jpg\" class=\"attachment-large size-large\" alt=\"Repas au ch\u00e2teau\" aria-describedby=\"gallery-1-360\" srcset=\"https:\/\/www.saint-projet.com\/wp-content\/uploads\/82st-projet_gite006-700x466.jpg 700w, https:\/\/www.saint-projet.com\/wp-content\/uploads\/82st-projet_gite006-300x200.jpg 300w, https:\/\/www.saint-projet.com\/wp-content\/uploads\/82st-projet_gite006-768x511.jpg 768w, https:\/\/www.saint-projet.com\/wp-content\/uploads\/82st-projet_gite006.jpg 1024w\" sizes=\"auto, (max-width: 700px) 100vw, 700px\" \/><\/a>\n\t\t\t<\/dt>\n\t\t\t\t<dd class='wp-caption-text gallery-caption' id='gallery-1-360'>\n\t\t\t\tRepas au ch\u00e2teau\n\t\t\t\t<\/dd><\/dl><dl class='gallery-item'>\n\t\t\t<dt class='gallery-icon landscape'>\n\t\t\t\t<a href='https:\/\/www.saint-projet.com\/?attachment_id=358'><img loading=\"lazy\" decoding=\"async\" width=\"700\" height=\"466\" src=\"https:\/\/www.saint-projet.com\/wp-content\/uploads\/82st-projet_gite004-700x466.jpg\" class=\"attachment-large size-large\" alt=\"\" srcset=\"https:\/\/www.saint-projet.com\/wp-content\/uploads\/82st-projet_gite004-700x466.jpg 700w, https:\/\/www.saint-projet.com\/wp-content\/uploads\/82st-projet_gite004-300x200.jpg 300w, https:\/\/www.saint-projet.com\/wp-content\/uploads\/82st-projet_gite004-768x511.jpg 768w, https:\/\/www.saint-projet.com\/wp-content\/uploads\/82st-projet_gite004.jpg 1024w\" sizes=\"auto, (max-width: 700px) 100vw, 700px\" \/><\/a>\n\t\t\t<\/dt><\/dl><br style=\"clear: both\" \/><dl class='gallery-item'>\n\t\t\t<dt class='gallery-icon landscape'>\n\t\t\t\t<a href='https:\/\/www.saint-projet.com\/?attachment_id=357'><img loading=\"lazy\" decoding=\"async\" width=\"700\" height=\"465\" src=\"https:\/\/www.saint-projet.com\/wp-content\/uploads\/82st-projet_gite003-700x465.jpg\" class=\"attachment-large size-large\" alt=\"G\u00eete et chambre d&#039;h\u00f4te\" aria-describedby=\"gallery-1-357\" srcset=\"https:\/\/www.saint-projet.com\/wp-content\/uploads\/82st-projet_gite003-700x465.jpg 700w, https:\/\/www.saint-projet.com\/wp-content\/uploads\/82st-projet_gite003-300x199.jpg 300w, https:\/\/www.saint-projet.com\/wp-content\/uploads\/82st-projet_gite003-768x510.jpg 768w, https:\/\/www.saint-projet.com\/wp-content\/uploads\/82st-projet_gite003.jpg 1024w\" sizes=\"auto, (max-width: 700px) 100vw, 700px\" \/><\/a>\n\t\t\t<\/dt>\n\t\t\t\t<dd class='wp-caption-text gallery-caption' id='gallery-1-357'>\n\t\t\t\tG\u00eete et chambre d&rsquo;h\u00f4te\n\t\t\t\t<\/dd><\/dl><dl class='gallery-item'>\n\t\t\t<dt class='gallery-icon portrait'>\n\t\t\t\t<a href='https:\/\/www.saint-projet.com\/?attachment_id=365'><img loading=\"lazy\" decoding=\"async\" width=\"670\" height=\"700\" src=\"https:\/\/www.saint-projet.com\/wp-content\/uploads\/82st-projet_gite011-670x700.jpg\" class=\"attachment-large size-large\" alt=\"\" aria-describedby=\"gallery-1-365\" srcset=\"https:\/\/www.saint-projet.com\/wp-content\/uploads\/82st-projet_gite011-670x700.jpg 670w, https:\/\/www.saint-projet.com\/wp-content\/uploads\/82st-projet_gite011-287x300.jpg 287w, https:\/\/www.saint-projet.com\/wp-content\/uploads\/82st-projet_gite011.jpg 768w\" sizes=\"auto, (max-width: 670px) 100vw, 670px\" \/><\/a>\n\t\t\t<\/dt>\n\t\t\t\t<dd class='wp-caption-text gallery-caption' id='gallery-1-365'>\n\t\t\t\tSalle de bain\n\t\t\t\t<\/dd><\/dl><br style=\"clear: both\" \/>\n\t\t<\/div>\n\n","protected":false},"excerpt":{"rendered":"<p>Le Ch\u00e2teau de la Reine Margot vous accueille dans une chambre d&rsquo;h\u00f4tes dans le donjon de la reine, l&rsquo;expression est belle tout autant que l&rsquo;int\u00e9rieur insolite et unique ! L&rsquo;espace est judicieusement utilis\u00e9 et le cadre somptueux nous rappelle la qualit\u00e9 de notre patrimoine fran\u00e7ais. Au rez de chauss\u00e9e : s\u00e9jour avec coin cuisine (\u00e9l\u00e9ments [&hellip;]<\/p>\n","protected":false},"author":2,"featured_media":0,"parent":0,"menu_order":3,"comment_status":"closed","ping_status":"closed","template":"","meta":{"footnotes":""},"class_list":["post-26","page","type-page","status-publish","hentry"],"_links":{"self":[{"href":"https:\/\/www.saint-projet.com\/index.php?rest_route=\/wp\/v2\/pages\/26","targetHints":{"allow":["GET"]}}],"collection":[{"href":"https:\/\/www.saint-projet.com\/index.php?rest_route=\/wp\/v2\/pages"}],"about":[{"href":"https:\/\/www.saint-projet.com\/index.php?rest_route=\/wp\/v2\/types\/page"}],"author":[{"embeddable":true,"href":"https:\/\/www.saint-projet.com\/index.php?rest_route=\/wp\/v2\/users\/2"}],"replies":[{"embeddable":true,"href":"https:\/\/www.saint-projet.com\/index.php?rest_route=%2Fwp%2Fv2%2Fcomments&post=26"}],"version-history":[{"count":26,"href":"https:\/\/www.saint-projet.com\/index.php?rest_route=\/wp\/v2\/pages\/26\/revisions"}],"predecessor-version":[{"id":697,"href":"https:\/\/www.saint-projet.com\/index.php?rest_route=\/wp\/v2\/pages\/26\/revisions\/697"}],"wp:attachment":[{"href":"https:\/\/www.saint-projet.com\/index.php?rest_route=%2Fwp%2Fv2%2Fmedia&parent=26"}],"curies":[{"name":"wp","href":"https:\/\/api.w.org\/{rel}","templated":true}]}}